 j(h) = 2*h + 57. Let o be j(-21). Let f be (-9)/o - 3448/(-5). Suppose -2014 + f = -5*b. Is b a composite number?
True
Let j = 288 - 290. Is j - (-38)/4*(-4 + 546) a composite number?
False
Suppose 0 = 32*o - 28*o + 4. Let r(z) = -169*z - 8. Is r(o) a prime number?
False
Let b = 2064 - -5279. Is b a prime number?
False
Let m(p) = -2*p + 8 + 208*p**2 + 3*p - 15 + 65*p**2. Is m(2) prime?
True
Suppose -15 = 5*c, -z + 459292 = 7*z + 4*c. Is z composite?
False
Let g(v) = -31 - 8 - 1 - 19 + 516*v. Is g(15) composite?
False
Let n = -212 - -105. Let p(g) = -55*g + 83. Let v be p(-5). Let j = n + v. Is j a prime number?
True
Let n(l) = 779*l - 42. Let y(r) = -390*r + 21. Let v(h) = 6*n(h) + 13*y(h). Let w be v(6). Is w/(-35) + (-4)/14 prime?
True
Let o(u) = -20*u**2 - 14*u + 14*u**2 + 10*u**2 - 7 + 13*u**2 - 6*u**3. Is o(-8) a prime number?
False
Let i(o) = o**2 - 10*o - 21. Let s be i(-2). Suppose s*m + 24724 = 85459. Is m a composite number?
True
Suppose -5*n = v - 485917, 291539 = -25*n + 28*n - 5*v. Is n a prime number?
False
Let a(n) = 249*n - 383. Is a(14) a prime number?
False
Let i(d) be the third derivative of d**7/840 + d**6/30 - 17*d**5/120 + 9*d**4/8 - d**3/3 + d**2. Let h(j) be the first derivative of i(j). Is h(13) composite?
True
Let k(p) = -p - 3. Let j be k(-3). Let n(i) be the third derivative of i**5/60 + i**4/8 + 359*i**3/3 + 18*i**2. Is n(j) prime?
False
Let s(y) = 26*y**2 - 3*y - 8. Let u(r) = 3*r - 7. Let n be u(1). Let m be s(n). Let c = 869 - m. Is c composite?
False
Suppose -18*d + 158868 = -236466. Is d composite?
True
Suppose -8*t = -21*t. Suppose -3*k + 12*k - 585 = t. Is k a composite number?
True
Suppose -44*r + 97*r = 43*r + 1054490. Is r composite?
False
Let w(h) = 3*h**2 + 184*h - 2442. Is w(133) a prime number?
False
Is 1/(-3)*15 - -4 - -714122 a composite number?
True
Let x = 286 + 309. Suppose -4*z + x + 697 = 0. Is z composite?
True
Let r = 5285 + -8939. Let w = 5971 + r. Is w prime?
False
Let r(y) = -85*y**3 - 6*y**2 - 19*y - 35. Is r(-12) a composite number?
True
Suppose -2*g + 5*w + 322149 = 0, 27*g - 2*w + 805445 = 32*g. Is g prime?
True
Let m(k) = k**2 + 4*k + 2. Let b be m(-4). Let i(a) = 33*a**2 - 6*a - 2. Let y(g) = -32*g**2 + 7*g + 3. Let q(x) = b*y(x) + 3*i(x). Is q(-3) a prime number?
False
Let t = -27 - -27. Let z = 34 + -33. Suppose 4*w + 1194 = 2*g, t = -3*w - 14 - z. Is g a composite number?
False
Is 331600 + ((-50)/10 + 4)*(1 - 4) prime?
True
Suppose -3427 = d - 2*z - 14262, -4*z - 54205 = -5*d. Let s = d - 2944. Is s a composite number?
False
Let v(p) = -2*p**2 - 2*p + 11045. Let y be v(0). Let q = -6346 + y. Is q a composite number?
True
Suppose 3*n + 5*r = 0, 0*r + 4*r = -3*n. Suppose 3015 = y - 4*c, y - 3055 = -n*y - 4*c. Is y a prime number?
False
Let n = -29105 - 75307. Is 6/9 + n/(-36) composite?
True
Let w(l) = -2*l**3 - 4*l**2 + l + 14. Let a(z) = z + 14. Let k be a(-6). Let h be w(k). Let s = h + 1893. Is s a composite number?
True
Suppose 2*t + 3*g = -563, 827 = 5*t - 8*t - g. Let o = t - -404. Suppose -5*x + 2*v + 164 = v, -4*x + 2*v + o = 0. Is x prime?
False
Let k(x) be the third derivative of 3*x**5/20 - x**4/8 + x**3/2 - 9*x**2. Let t be k(-8). Let q = t + 740. Is q prime?
False
Suppose 5*n + 68773 = 2*r, 2*r - n - 41374 = 27419. Is r prime?
False
Let v(q) = q**3 - 1. Let f(k) = -6*k**3 - 19*k**2 + 8*k - 10. Let c(x) = f(x) + 4*v(x). Let w be c(-10). Suppose 0 = -15*n + w*n + 5715. Is n a prime number?
False
Let a be ((-9)/4)/(189/28 - 7). Let m(p) = 59*p + 56. Is m(a) a composite number?
False
Suppose 5*g = 74 + 16. Suppose 3*j = 6*j - g. Is -4*(178/(-6))/(8/j) a composite number?
False
Let v be 7 - 3*4/(-12). Suppose -97*u + v = -93*u. Suppose 16314 = u*n + 4*n. Is n a composite number?
False
Let s(c) = 44*c**2 + 64*c - 371. Is s(22) a composite number?
True
Is (-24)/(-108) + ((-32294955)/(-27))/7 a prime number?
True
Let s be (7 - 5)/((-1)/(-78)). Suppose -2*c - s - 26 = 0. Is (-3)/3 - (c - 1) composite?
True
Let a be ((-104)/(-78))/(-2 + (-2472)/(-1233)). Suppose 276*r - 1034 = a*r. Is r a composite number?
True
Suppose -9*w - n + 1844757 = 0, 0 = -2*w + 4*n + 307540 + 102406. Is w composite?
False
Suppose 103 = 4*z + 23. Suppose 5327 = -13*l + z*l. Is l a composite number?
False
Let b = 32 + -26. Let a(y) = 4*y - 22. Let r be a(b). Suppose 0*p + 1433 = r*p + 5*d, d + 1415 = 2*p. Is p a prime number?
True
Let f(m) = 382961*m**2 - 23*m - 23. Is f(-1) composite?
False
Let p = 18851 + 21312. Is p prime?
True
Suppose -2*u - 138 = 1682. Let x = -202 - u. Let d = x - 410. Is d a composite number?
True
Let x be 8/(-64) + 2085/40. Suppose -4*t + 360 - x = 0. Is t prime?
False
Suppose -u - 5*h = -12692, u + 148*h = 152*h + 12719. Is u prime?
False
Suppose -19*g - 22 - 35 = 0. Is (-1 - -2822) + 9/g a prime number?
False
Suppose 933*g - 5*m + 142177 = 935*g, -4*m + 284336 = 4*g. Is g a prime number?
True
Suppose -6*y = -200 + 50. Suppose -y*l = -31*l + 192486. Is l composite?
True
Let u = -5773 - -12086. Is u prime?
False
Let v(a) = -147*a + 3441*a**2 - 144*a + 290*a. Let y be v(2). Is (y/(-28))/((3 + -1)/(-4)) a composite number?
False
Let b(h) = h**3 - 29*h**2 + 33*h + 45. Let a be b(30). Let q = a - -12070. Is q prime?
False
Let n = 31 - 24. Suppose -n = -f - j, -f + 3*j = -2*j + 11. Is 7568/f - (-4 + -1) a composite number?
True
Let f be 6/(-4) - 6/4. Let z be (72/3)/f*3905. Is (z/(-35))/4 + (-2)/14 a composite number?
False
Suppose 4*a + 68 = -5*x, 4*x + 79 = -3*a + 27. Let o be (-147)/18 - 2/a. Is ((-522)/(-24))/(0 + (-3)/o) composite?
True
Is ((-210)/180*6)/(14/(-115142)) prime?
True
Suppose 2*b = 5*x - 1464825, -2*b = 2*x + 363611 - 949527. Is x composite?
True
Let h = -39374 - -78841. Is h a prime number?
False
Suppose 5*x + 45 = -5*y - 205, -5*x = -5*y + 270. Is (311332/(-52) - 8/x)/(-1) a prime number?
True
Suppose -27*n + 51*n - 4*n - 75860 = 0. Is n prime?
True
Suppose 65*c = 68*c - 12. Let x = 2 - c. Is 55377/105 + x/5 a prime number?
False
Suppose -9434*i - 25832370 = -9464*i. Is i a composite number?
False
Suppose 0 = 2*u - 10*u + 32. Suppose 0 = u*q + l - 12133, -2*q - 578 + 6658 = -4*l. Suppose -25 = -h + 6*h, -k = 3*h - q. Is k prime?
True
Let n(y) = -6*y - 2*y**2 + 19*y - 3*y**2 + 5*y**3 - 36 + 6. Is n(4) composite?
True
Let q(x) = 2413*x**3 + 10*x**2 + 19*x - 14. Let n(w) = -2412*w**3 - 9*w**2 - 18*w + 14. Let s(y) = -7*n(y) - 6*q(y). Is s(1) a prime number?
False
Suppose 25*t - 1164774 = -92299. Is t composite?
False
Suppose 4346 = 2*c + 4*j, 4*j = -4*c - j + 8680. Suppose -4120 = -5*k + c. Let o = k - -280. Is o a composite number?
True
Let w(i) = 84163*i - 7782. Is w(11) a prime number?
True
Let a(f) = 4241*f**2 + 87*f + 177. Is a(-26) composite?
False
Suppose -17*i = -34 - 255. Suppose -i*t + 13*t + 42236 = 0. Is t composite?
False
Suppose -o = -5*c - 1479, 17*c - 5871 = -4*o + 22*c. Let j = o + -841. Is j composite?
True
Suppose -n + 3450 = -4*l + l, -3*n + 4595 = -4*l. Let i = 2378 + l. Is i a prime number?
False
Let f(v) = -34*v + 255. Let j be f(-35). Suppose 4*s = 5*s - 5*i - 467, 4*i + j = 3*s. Is s composite?
False
Let i(z) = 70*z**2 + 4*z - 505. Is i(-22) a prime number?
True
Let s be ((-7 - -6)*-1)/((-1)/(-349)). Let w = -92 + s. Let t = -66 + w. Is t a prime number?
True
Suppose -12*b = -9*b + 2*i - 542236, 542216 = 3*b - 2*i. Is b a prime number?
False
Suppose -40*s + 45*s = 90755. Suppose -s = -9*r - 1942. Is r a composite number?
False
Suppose 1231*j = 1255*j - 491448. Is j a prime number?
True
Suppose 5*u = 5*j - j - 24589, -4*u + 12 = 0. Suppose 4*y = 5*o - 30671, 0*o - j = -o + 5*y. Is o composite?
False
Let t(p) = -604*p - 22. Let i be t(-7). Suppose -14*o + 17*o = i. Is o prime?
False
Let k be -4 + (0 - (0 - 14)). Let f be k/6*12/10. Suppose 10*m = f*m + 23176. Is m prime?
True
Let b(c) = -7*c**2 + 8*c**2 - 10*c - 6 + 7 + 10. Let w be b(8). Is 508/(-6)*w/((-30)/(-9)) a prime number?
True
Let a(c) = -77521*c**3 - 20*c**2 - 22*c - 2. Is a(-1) composite?
False
Suppose 2*m - 4*h = -0*m + 143114, 2*m = 3*h + 143117. Is m a composite number?
False
Let s be (0 + (-4)/8)/((-9)/776052). Is s*(54/(-12) + 5) a prime number?
True
Let y = -5372 - -16263. Is y a composite number?
False
Suppose 4*h - k + 2216 = 5*h, -5*k - 2186 = -h. Suppose -h = 2*o + 5581